{"id":63,"date":"2020-06-29T12:42:32","date_gmt":"2020-06-29T12:42:32","guid":{"rendered":"http:\/\/alarm.ornicron.com\/?page_id=63"},"modified":"2020-06-29T12:42:32","modified_gmt":"2020-06-29T12:42:32","slug":"sistem-nasil-calisir","status":"publish","type":"page","link":"https:\/\/www.accountalarmmerkezi.com\/?page_id=63","title":{"rendered":"S\u0130STEM NASIL \u00c7ALI\u015eIR"},"content":{"rendered":"\n<div class=\"full-row pt-5\">\n\t\t\t<div class=\"container\">\n\t\t\t\t<div class=\"row\">\n\t\t\t\t\t\n\t\t\t\t\t<div class=\"col-lg-12 col-md-12\">\n\t\t\t\t\t\t\n\t\t\t\t\t\t<div class=\"row\">\n\t\t\t\t\t\t\t<div class=\"col-lg-12 mb-4\">\n\t\t\t\t\t\t\t\t<h4 class=\"down-line mb-3\">Nedir ?<\/h4>\n\t\t\t\t\t\t\t\t<p>Alarm sistemlerinin haberle\u015fme a\u011f\u0131n\u0131 sa\u011flayan, valilikten al\u0131nan Alarm merkezi kurma ve i\u015fletme belgesi  ile faaliyet g\u00f6steren ileti\u015fim birimidir. 7\/24 yetkili ve e\u011fitimli personellerin bulundu\u011fu sistemden gelen sinyallerin et\u00fct edilip geri d\u00f6n\u00fc\u015f yap\u0131ld\u0131\u011f\u0131 ve kullan\u0131c\u0131lardan gelen taleplerin de\u011ferlendirilip cevap verildi\u011fi merkezdir.<\/p>\n\t\t\t\t\t\t\t<\/div>\n\t\t\t\t\t\t<\/div>\n\t\t\t\t\t\t<div class=\"row\">\n\t\t\t\t\t\t\t<div class=\"col-lg-12 mb-4\">\n\t\t\t\t\t\t\t\t<h4 class=\"down-line mb-3\">Nas\u0131l \u00c7al\u0131\u015f\u0131r ?<\/h4>\n\t\t\t\t\t\t\t\t<p>Mekana kurulan alarm sisteminin ALARM TAK\u0130P MERKEZ\u0130NE ba\u011flanmas\u0131 i\u00e7in sabit hat telefon,GSM mod\u00fcl,\u0131ntranet-internet yolu ile (bunlardan biri yeterlidir) gelen sinyaller takip edilmektedir.<\/p>\n\t\t\t\t\t\t\t\t\n\t\t\t\t\t\t\t<\/div>\n\t\t\t\t\t\t<\/div>\n\t\t\t\t\t\t<div class=\"row\">\n\t\t\t\t\t\t\t\n\t\t\t\t\t\t\t\n\t\t\t\t\t\t\t\n\n\n<div class=\"col-lg-12 col-md-12\">\n\n<h4 class=\"down-line mb-3\">Ne Hizmet Verir ?<\/h4><ul class=\"list-bullate list-mt-10 mb-3\">\n\n<li>Sistemden gelen sinyal, hangi b\u00f6lgeden geldiyse ona ba\u011fl\u0131 olarak polis,ambulans,itfaiye ekipleri adrese y\u00f6nlendirilir<\/li>\n<li>Kurulu olan sistem devaml\u0131 surette kontrol alt\u0131nda tutulur. Herhangi bir ar\u0131za ve ileti\u015fimsizlik durumu ekranlarda g\u00f6r\u00fcl\u00fcr ve m\u00fcdahele edilir.<\/li>\n<li>Mesai ba\u015flang\u0131\u00e7 ve biti\u015f saatleri d\u0131\u015f\u0131nda, yetkili ki\u015filer dahi olsa, giri\u015f yap\u0131l\u0131r ise, ilgili ki\u015filere haber verilir. B\u00fct\u00fcn giri\u015f \u00e7\u0131k\u0131\u015flar detayl\u0131 bir \u015fekilde rapor edilir.<\/li>\n<li>Yap\u0131lan t\u00fcm g\u00f6r\u00fc\u015fmeler kay\u0131t alt\u0131na al\u0131n\u0131r.<\/li>\n<li>Sistem belirlenen saatte devreye al\u0131nmam\u0131\u015fsa, yani alarm sistemi kurulmam\u0131\u015fsa unutulmu\u015fsa kullan\u0131c\u0131 aran\u0131p bilgi verilir. E\u011fer istenirse uzaktan devreye al\u0131n\u0131r.<\/li>\n<li>E\u011fer zorla size alarm sistemi a\u00e7t\u0131r\u0131lmak istenirse tehdit \u015fifresi olu\u015fturabilirsiniz. Normalde kulland\u0131\u011f\u0131n\u0131z \u015fifreniz haricinde tehdit \u015fifrenizi girerseniz, alarm hi\u00e7bir\u015fey olmam\u0131\u015f gibi devreden \u00e7\u0131kar.Fakat, merkez hemen yak\u0131nlar\u0131n\u0131za ve polise haber verir.<\/li>\n<li>Kullan\u0131m uyar\u0131s\u0131 yapar. E\u011fer sistemi bir m\u00fcddettir kullan\u0131lm\u0131yorsa, aranarak haber verilir.<\/li>\n\n\n\n\n\n\n\t\t\t\t<\/ul><\/div>\n\t\t\t\t\t\t<\/div>\n\t\t\t\t\t\t\n\t\t\t\t\t<\/div>\n\t\t\t\t<\/div>\n<div class=\"col-lg-12 col-md-12 mt-5\">\n\t\t\t\t\t\t<div class=\"row\">\n\t\t\t\t\t\t\t<div class=\"col-md-12,\">\n\t\t\t\t\t\t\t\t<div class=\"simple-thumb transation mb-5\">\n\t\t\t\t\t\t\t\t\t<h5 class=\"d-inline-block border-bottom py-3 mb-3 w-100\">Alarm Merkezi<\/h5>\n<p>Alarm takip merkezi asl\u0131nda her montaj\u0131 yap\u0131lan alarm sistemlerinde kullan\u0131lmas\u0131 gereken g\u00fcvenlik a\u00e7\u0131s\u0131ndan bir\u00e7ok faydas\u0131 olan bir sistemdir alarm takip merkezinin ba\u015fl\u0131ca faydalar\u0131 alarm sisteminizi kulland\u0131\u011f\u0131n\u0131z mekanda alarm sistemini ka\u00e7 ki\u015fi kullan\u0131yor ise bu ki\u015filere farkl\u0131 \u015fifreler verilerek mekan\u0131 saat ka\u00e7ta kimin a\u00e7\u0131p kapatt\u0131\u011f\u0131 tespit etmeye yarar. Mekan\u0131n\u0131z\u0131n a\u00e7\u0131l\u0131\u015f kapan\u0131\u015f saatlerini sizler belirtmektesiniz bu saatler d\u0131\u015f\u0131nda her hangi bir a\u00e7\u0131l\u0131\u015f veya kapan\u0131\u015fta sizlere bunun haberi verilir, \u00f6rnek olarak siz i\u015fyerinizi sabah saat 08:00 de a\u00e7\u0131yor ve aksam kapan\u0131\u015f\u0131 ise 20:00 olarak belirtiniz sabah 8 den \u00f6nce i\u015fyeriniz a\u00e7\u0131l\u0131r ise alarm merkezi sizi aray\u0131p erken a\u00e7\u0131l\u0131\u015f oldu\u011funu sizin bilginiz dahilinde olup olmad\u0131\u011f\u0131n\u0131 sorar, ak\u015fam ise saat 20:00 oldu\u011funda siz alarm sisteminizi kurmad\u0131ysan\u0131z alarm merkezi sizi arayarak kurulumun yap\u0131lmad\u0131\u011f\u0131n\u0131 s\u00f6yler.<\/p>\n<p>Diyelim ki siz o g\u00fcn mesaiye kald\u0131n\u0131z ve \u00e7\u0131k\u0131\u015f saatinizi 23:00 olarak belirtiniz alarm takip merkezi sizi bu sefer bir kereye mahsus 23:00 olarak not al\u0131r ve saatte alarm sisteminin kurulup kurulmad\u0131\u011f\u0131n\u0131 takip eder e\u011fer sistem kurulmu\u015f ise sizi aramaz e\u011ferki kurulmad\u0131ysa tekrar sizi arayacakt\u0131r bundan dolay\u0131 alarm sistemini kurmay\u0131 unutmu\u015f dahi olsan\u0131z alarm g\u00f6zlem merkezi sizi takip ederek g\u00fcvenlik seviyesini en \u00fcst d\u00fczeyde tutar.<\/p>\n<p>M\u00fc\u015fterilerimiz ister ise alarm sistemi her a\u00e7\u0131l\u0131\u015f kapan\u0131\u015f oldu\u011funda cep telefonunuza otomatik olarak i\u015ferinizin kimin taraf\u0131ndan kapan\u0131p a\u00e7\u0131ld\u0131\u011f\u0131n\u0131 size mesaj atar alarm takip merkezinin bir faydas\u0131 ise sisteminizde olabilecek baz\u0131 ar\u0131zalar\u0131 daha \u00f6nceden fark ederek sizlere ve alarm sistemini yapan firmaya bilgi vermi\u015f olmas\u0131d\u0131r veya her hangi bir dedekt\u00f6r veya cihaz ar\u0131za yapt\u0131\u011f\u0131nda hangi cihaz\u0131n ar\u0131za yapt\u0131\u011f\u0131n\u0131 bizlere net olarak s\u00f6ylemesidir. Alarm \u00e7a\u011fr\u0131 merkezi merkezi her hangi alarm durumunda sizlerin daha \u00f6nceden belirtti\u011fi ki\u015filere haber verir e\u011ferki m\u00fc\u015fterilerimiz kolluk kuvvetlerinin y\u00f6nlendirilmesini ister ise polis ve jandarma gibi birimlere haber verilerek mekana m\u00fcdahale etmelerini sa\u011flamaktad\u0131r,baz\u0131 \u015firketlerde birka\u00e7 telefon hatt\u0131 oldu\u011fundan dolay\u0131 m\u00fc\u015fterilerimiz b\u00fct\u00fcn hatlar\u0131n \u00e7al\u0131\u015f\u0131p \u00e7al\u0131\u015fmad\u0131\u011f\u0131n\u0131 net olarak bilmeye bilir, alarm sistemine ba\u011fl\u0131 olan telefon hatt\u0131nda bir ar\u0131za olur ise alarm sistemi daha \u00f6nceden belirtilen test saatinde alarm merkezine sinyal g\u00f6nderemez ise bunun bilgisi hemen m\u00fc\u015fterilerimize verilmektedir bu ar\u0131za m\u00fc\u015fterimizin hatt\u0131 \u00e7al\u0131\u015ft\u0131\u011f\u0131 halde sisteme sinyal gitmiyor ise mekana teknik servis y\u00f6nlendirilerek hemen bu sorun ortadan kald\u0131r\u0131lmaktad\u0131r.<\/p>\n<p>Baz\u0131 mekanlarda eczane, depo gibi yerlerde elektrik kesintilerinin sorun olaca\u011f\u0131 yerlerde yine alarm \u00e7agr\u0131 merkezi \u00f6nemlidir m\u00fc\u015fterilerimize bunun bilgisi verilerek gerekli \u00f6nlemlerini almalar\u0131n\u0131 sa\u011flamaktad\u0131r.Alarm takip merkezlerimize sesli veya sessiz panik g\u00f6nderilebilir m\u00fc\u015fterilerimiz ister ise onlara tehtit \u015fifresi verilir her hangi bir k\u00f6t\u00fc durumda kalan m\u00fc\u015fterilerimiz bu \u015fifre ile alarm sistemini devre d\u0131\u015f\u0131 b\u0131rakt\u0131\u011f\u0131 andan daha \u00f6nceden belirtilen ki\u015filere veya polise bunun bilgisi verilerek sizlere ula\u015fmalar\u0131 sa\u011flan\u0131r bunun d\u0131\u015f\u0131ndan alarm takip merkezimiz acil durumlarda gerekti\u011fi anda tek tu\u015fla polis ambulans ve itfaye gibi birimleri mekana y\u00f6nlendirir bu hizmet evde hastas\u0131 olanlar i\u00e7in \u00e7ok kullan\u0131\u015fl\u0131 bir sistemdir alarm takip merkezimiz son teknolojiyi kullanmaktad\u0131r bu sayede ak\u0131ll\u0131 telefonlar\u0131n\u0131za uygulama indirerek tek tu\u015fla polis, itfaye, ambulans hizmetini yine sa\u011flama imkan\u0131 vard\u0131r ve bu hizmette alarm merkezimiz gprs \u00fczerinden sizin nerde oldu\u011funuzu net olarak tespit edebilmektedir alarm takip merkezimize ba\u011flaya bilece\u011fimiz alarm sistemleri dsc alarm vitek alarm crow alarm vionty alarm paradox alarm ge alarm caddex alarm sistemleri alarm takip merkezimize uyumlu olan alarm markalar\u0131d\u0131r ve bu markalar\u0131n teknik servis hizmetini de intech g\u00fcvenlikten sa\u011flaya bilirsiniz daha fazla bilgi i\u00e7in l\u00fctfen <b><a href=\"\/iletisim\">bizimle irtibata ge\u00e7iniz<\/a><\/b>.<\/p>\n\t\t\t\t\t\t\t\t<\/div>\n\t\t\t\t\t\t\t<\/div>\n\t\t\t\t\t\t\t\n\t\t\t\t\t\t\t\n\t\t\t\t\t\t\t\n\t\t\t\t\t\t<\/div>\n\t\t\t\t\t<\/div>\n\t\t\t<\/div>\n\t\t<\/div>\n","protected":false},"excerpt":{"rendered":"<p>Nedir ? Alarm sistemlerinin haberle\u015fme a\u011f\u0131n\u0131 sa\u011flayan, valilikten al\u0131nan Alarm merkezi kurma ve i\u015fletme belgesi ile faaliyet g\u00f6steren ileti\u015fim birimidir. 7\/24 yetkili ve e\u011fitimli personellerin bulundu\u011fu sistemden gelen sinyallerin et\u00fct edilip geri d\u00f6n\u00fc\u015f yap\u0131ld\u0131\u011f\u0131 ve kullan\u0131c\u0131lardan gelen taleplerin de\u011ferlendirilip cevap verildi\u011fi merkezdir. Nas\u0131l \u00c7al\u0131\u015f\u0131r ? Mekana kurulan alarm sisteminin ALARM TAK\u0130P MERKEZ\u0130NE ba\u011flanmas\u0131 i\u00e7in sabit &hellip; <\/p>\n<p class=\"link-more\"><a href=\"https:\/\/www.accountalarmmerkezi.com\/?page_id=63\" class=\"more-link\">Okumaya devam et<span class=\"screen-reader-text\"> &#8220;S\u0130STEM NASIL \u00c7ALI\u015eIR&#8221;<\/span><\/a><\/p>\n","protected":false},"author":1,"featured_media":0,"parent":0,"menu_order":0,"comment_status":"closed","ping_status":"closed","template":"","meta":{"footnotes":""},"class_list":["post-63","page","type-page","status-publish","hentry"],"_links":{"self":[{"href":"https:\/\/www.accountalarmmerkezi.com\/index.php?rest_route=\/wp\/v2\/pages\/63","targetHints":{"allow":["GET"]}}],"collection":[{"href":"https:\/\/www.accountalarmmerkezi.com\/index.php?rest_route=\/wp\/v2\/pages"}],"about":[{"href":"https:\/\/www.accountalarmmerkezi.com\/index.php?rest_route=\/wp\/v2\/types\/page"}],"author":[{"embeddable":true,"href":"https:\/\/www.accountalarmmerkezi.com\/index.php?rest_route=\/wp\/v2\/users\/1"}],"replies":[{"embeddable":true,"href":"https:\/\/www.accountalarmmerkezi.com\/index.php?rest_route=%2Fwp%2Fv2%2Fcomments&post=63"}],"version-history":[{"count":0,"href":"https:\/\/www.accountalarmmerkezi.com\/index.php?rest_route=\/wp\/v2\/pages\/63\/revisions"}],"wp:attachment":[{"href":"https:\/\/www.accountalarmmerkezi.com\/index.php?rest_route=%2Fwp%2Fv2%2Fmedia&parent=63"}],"curies":[{"name":"wp","href":"https:\/\/api.w.org\/{rel}","templated":true}]}}